+ -5131. What are the prime factors of o?
2, 3, 43
Let b be (-54)/(-36)*(-8)/(-6)*2. Suppose -2*d = 4*c - 450, 9*c = -b*d + 6*c + 880. List the prime factors of d.
7, 31
Let y(i) = -639*i + 6171. What are the prime factors of y(-18)?
3, 43, 137
List the prime factors of 7 + 12 + -11 + 27346.
2, 3, 47, 97
Suppose -25*f + 23*f = i - 3673, f - 1839 = 2*i. List the prime factors of f.
11, 167
Let o = 5 - 14. Let y(z) = -28*z + 18. What are the prime factors of y(o)?
2, 3, 5
Let z(w) = -7*w**3 + 9*w + 6. Let b be z(-4). Suppose b + 6199 = 13*t. What are the prime factors of t?
509
Suppose 2*n + 6 = 0, -5*w + 1024 - 5120 = -3*n. Let i = 1950 + w. List the prime factors of i.
1129
Suppose -18 = -2*m - 8. Let n(t) = 33*t - 22. Let q be n(m). Suppose a = -5*x - a + 347, -5*a = 2*x - q. What are the prime factors of x?
3, 23
Let x(c) = 58*c**2 + 52*c + 9. What are the prime factors of x(6)?
3, 11, 73
Suppose 123*k = 1153499 + 477727. List the prime factors of k.
2, 19, 349
Let p(r) = 558*r + 736. What are the prime factors of p(12)?
2, 929
What are the prime factors of (-36)/(-9) + (-22824)/(12/(-3))*1?
2, 5, 571
Suppose 0 = -5*a - 4*y + 5*y + 22585, 2*y = 10. Let h = a + -3116. What are the prime factors of h?
2, 701
List the prime factors of ((9 - 5) + 2)*3885/2.
3, 5, 7, 37
Let v(y) = y**2 - 2*y + 2. Let i be v(0). Suppose -i*o - 5*x = -558, o + 115 - 393 = -2*x. What are the prime factors of o?
2, 137
Let w = 1365 - 814. List the prime factors of w.
19, 29
Let y be ((-120)/50)/(509/255 - 2). Suppose -4 = -4*t + 4, 2*a - y = -2*t. What are the prime factors of a?
2, 19
Let g = -56 - -63. What are the prime factors of ((-30576)/(-18))/g + 4/(-6)?
2, 11
Suppose 5 = 6*c - 2*c + 5*s, -2*c = -2*s + 2. Suppose 5*q - 2*d = 321 + 149, -3*q + 4*d + 282 = c. What are the prime factors of q?
2, 47
Suppose -12 = 4*k, 0 = -2*v - k + 5*k - 200. Let n = v - -1045. What are the prime factors of n?
3, 313
Let h = 9 + -4. Let v be -2*(-2 + (h - 4)). List the prime factors of 4*1/(v/20).
2, 5
Let d = -222 - -220. List the prime factors of (-1 - d - -5) + 150.
2, 3, 13
What are the prime factors of (-3 + 884)/(((-22)/3003)/((-16)/24))?
7, 13, 881
Let w(d) = 42*d - 104. Let f be w(6). Let u = f - -83. List the prime factors of u.
3, 7, 11
Let g = 378 + -147. Let l be (-1)/(g/57 + -4). Let n = 8 - l. List the prime factors of n.
3
Let f = 245 + -242. Suppose -538 = -y + f*s, y + 4*s - 538 = 3*s. What are the prime factors of y?
2, 269
Let m = 10701 + -5152. What are the prime factors of m?
31, 179
Let c be 2 - (2 + -2 - 2). Let g be c*3/(-18)*-3. Let x(i) = 13*i**3 - i**2 + 1. List the prime factors of x(g).
101
What are the prime factors of (44241 - -361) + 3/((-3)/10)?
2, 3, 929
Suppose -74*w = -184*w + 218680. What are the prime factors of w?
2, 7, 71
Suppose 0*r = 4*r - r. Suppose r = -15*d + 16*d - 285. List the prime factors of d.
3, 5, 19
Let m be 3/(45/(-6)) - 4178/5. Let z = 1208 + m. What are the prime factors of z?
2, 3, 31
Suppose -3*v = 4*c - 114375, 57038 = 4*c + 2*v - 57336. What are the prime factors of c?
3, 353
Let w(p) = 17493*p + 3290. List the prime factors of w(2).
2, 7, 1367
Suppose -2*w = 4*o - 74452 - 28694, 0 = 2*o - 5*w - 51567. List the prime factors of o.
2, 12893
Let z = 911 - 831. Suppose 0 = 5*q + 2*i - 15, -6*i + 2*i + 15 = 5*q. Suppose z = q*p - p. List the prime factors of p.
2, 5
Let d(p) = 48*p**3 + 5*p**2 - 21*p - 52. List the prime factors of d(6).
2, 5, 17, 61
Let s(t) = -t**2 + 8*t + 19. Let m be s(7). Suppose -3248 = -m*q + 19*q. What are the prime factors of q?
2, 29
Let b(l) be the third derivative of -l**6/120 + l**4/4 - 7*l**3/6 - 7*l**2. Let i be b(3). What are the prime factors of (56/i)/((-2)/36 - 0)?
3, 7
What are the prime factors of (-17741)/7*(267 + -274)?
113, 157
Let a(g) = 2*g + 13. Let p be a(-4). Suppose -5*z = p*q + 40, -3*z = -q - 2 + 14. What are the prime factors of (3 + z + -79)/(-1)?
3
Let g(u) be the third derivative of u**5/20 - 13*u**4/12 - 7*u**3/3 + 24*u**2 + u. List the prime factors of g(21).
7, 109
Let h = 313 + -249. What are the prime factors of h?
2
Suppose 64*t - 4738 = 21694. What are the prime factors of t?
7, 59
Let b(p) = 68*p**2 + 5*p + 6. Suppose 4*k + 6*k = 3*k. Suppose 0 = -3*o + 7*o + 8, k = 5*t - 2*o + 6. What are the prime factors of b(t)?
2, 67
Suppose 15*f + 219 = -906. Let t = f + 80. List the prime factors of (-354)/(-5) + t/25.
71
Let z = -84 - -88. Let r(d) = 4*d**3 + 3*d**2 + 5*d. What are the prime factors of r(z)?
2, 3
What are the prime factors of ((-64)/128)/((2/128556)/(-1))?
3, 3571
Let b(c) = 6*c + 7*c**2 - 345 - 345 - 3*c**2 + 697. What are the prime factors of b(-7)?
7, 23
Let i be (-3)/6 + (-4)/(-8). Suppose i*a - 3*j = -2*a + 435, 2*a - 441 = 5*j. Suppose 4*o + m = -0*o + a, 3*o - 147 = -5*m. List the prime factors of o.
2, 3
Let g = -1938 - -3845. List the prime factors of g.
1907
Let d(v) = v**3 + 8*v**2 + 12*v + 1. Let s(z) = -z**2 + 15*z - 11. Let c be s(12). Suppose 0 = m + 4*m + c. List the prime factors of d(m).
2
Let s = 6820 + 4329. What are the prime factors of s?
11149
Suppose -7*d - d + 16 = 0. Let c be 3*(920/6)/d. Suppose 2*o = -3*r + c, 0*o + 376 = 5*r - 4*o. List the prime factors of r.
2, 19
Let p = 98186 - 32024. What are the prime factors of p?
2, 3, 11027
Suppose 4*w = -5*o + 33, -2*o - 3*w = -5*o + 9. Suppose 0 = -5*s + 20 + o. Suppose n = 5*n - 2*r - 170, 0 = -5*n - s*r + 190. What are the prime factors of n?
41
What are the prime factors of (56/(-392) + 59595/(-70))/((-2)/100)?
5, 13, 131
Let u(b) be the second derivative of -11*b**3/6 - 17*b**2 - 30*b. Let g be 20*(1 - (-18)/(-10)). List the prime factors of u(g).
2, 71
Let w(y) = -y**3 + y**2. Let p(q) = 7*q**3 - 10*q**2 - 16*q + 13. Let d(t) = p(t) + 6*w(t). What are the prime factors of d(10)?
3, 151
Let x(h) = 9*h + 1. Let i be x(1). What are the prime factors of (-10822)/(-63) + i/45?
2, 43
Let o(y) = 347*y**2 + 69*y + 378. List the prime factors of o(-6).
2, 3, 173
Suppose 4*c = 92 + 20. Suppose c = 4*s + 5*t - 8, -3*s + 8 = -t. Suppose s*o - x - 82 = -3, 0 = -o - x + 16. List the prime factors of o.
19
Suppose -v = 75 - 79. Suppose -m - 3*r + 175 = 0, -530 = -v*m + m - 4*r. List the prime factors of m.
2, 89
Let j(v) = -29*v - 2*v**2 - 23 + 12*v - v**2 + 2*v**2. Suppose 10*n - 28 = -168. What are the prime factors of j(n)?
19
Let m(o) = 2*o**2 - 7*o - 11. Suppose -a - 2*r = -12, 4*r = -1 + 9. Let q be m(a). Suppose 2*u + 165 - q = c, 0 = c - u - 101. List the prime factors of c.
2, 7
Let c be ((-92)/(-16) + -3)*32. Let r = c + -80. Suppose r*p - 656 = 4*p. List the prime factors of p.
2, 41
Let m(y) = -319*y**3 + 15*y**2 + 17*y + 8. List the prime factors of m(-4).
2, 19, 271
Suppose 765 = 56*o - 61*o. Let w = o + 193. List the prime factors of w.
2, 5
Suppose 3*h - 40 = -2*h + 4*n, -4*h = 5*n + 9. Suppose 4*t = -2*s - 30, h*t - 5*t - 3 = 0. List the prime factors of (-12)/(-8)*(-804)/s.
2, 67
Let w = 144 + -145. Let c(n) = -97*n**3 - 3*n**2 - 3*n. List the prime factors of c(w).
97
Let q(c) = -c**2 - 8*c - 36. Let v be q(-8). What are the prime factors of (12/v)/((-4)/6)*578?
17
Let g(x) = 356*x**2 - x - 1. Let b be g(-1). Let u = b + -177. Suppose 5*l - 830 = -2*k, l + 16 = -k + u. List the prime factors of l.
2, 3, 7
Let x(w) = w**3 - w**2 - 2*w + 42. Let f be x(0). Suppose 7*y = -j + 3*y + f, 0 = -2*j + 2*y + 44. List the prime factors of ((-3 - 2) + 1)*j/(-8).
13
Let x = 2536 + 5420. List the prime factors of x.
2, 3, 13, 17
Let y(m) = -2*m**2 + 14*m + 44. Let t(k) = -26*k - 13. Let f be t(-1). Let o be y(f). What are the prime factors of (2 + 39/6)/((-4)/o)?
2, 7, 17
Let a(x) = -53*x + 28. Let m be a(-12). Suppose -m = -16*d + 14*d. List the prime factors of d.
2, 83
Suppose -107*c = 605911 - 3257799. List the prime factors of c.
2, 1549
Suppose 3*g - 3*r + 7*r - 494 = 0, 0 = -5*g + 3*r + 775. Let b = -118 + 36. Let l = g + b. What are the prime factors of l?
2, 19
Let v be -3 + 60/18 - 37/3. Let t be (-7)/(-2) + (-6)/v + -1702. What are the prime factors of (-46)/(-391) + t/(-17)?
2, 5
Let n(k) = -56*k**3 + 8*k**2 + 71*k + 8. What are the prime factors of n(-8)?
2, 1789
Let b(i) = -i**3 + 16*i**2 - 5*i - 26. Let p be (2 + 0)*7/(-7)*-6. Let s be b(p). Suppose 11*a - s = 6*a. Li